{"id":1007295,"date":"2025-09-02T17:54:44","date_gmt":"2025-09-02T17:54:44","guid":{"rendered":"https:\/\/www.djimurcia.es\/?post_type=product&#038;p=1007295"},"modified":"2025-09-02T17:56:44","modified_gmt":"2025-09-02T17:56:44","slug":"kit-conversion-c5-flying-eye-mavic-3e-series-y-mavic-3-pro","status":"publish","type":"product","link":"https:\/\/www.djimurcia.es\/?product=kit-conversion-c5-flying-eye-mavic-3e-series-y-mavic-3-pro","title":{"rendered":"Kit conversion C5 Flying Eye Mavic 3E Series y Mavic 3 Pro"},"content":{"rendered":"<p>Este sistema de actualizaci\u00f3n desarrollado por Flying Eye incluye un paraca\u00eddas pirot\u00e9cnico ultrarr\u00e1pido y fiable, as\u00ed como un interruptor compatible con todo DJI Mavic 3M, 3T, 3E, as\u00ed como un control de radio interruptor.<\/p>\n<p>Esta actualizaci\u00f3n permite la clasificaci\u00f3n C5 para el DJI Mavic 3M 3T.<\/p>\n<p>El sistema de paraca\u00eddas del circuito pesa s\u00f3lo 77,5 gramos y se puede activar manual y autom\u00e1ticamente y tambi\u00e9n tiene una advertencia audible para encontrar su dron despu\u00e9s de aterrizar.<\/p>\n<p>El puerto de accesorios del DJI Mavic 3 sigue siendo accesible y todav\u00eda es posible instalar un proyector LED CZI GL10 all\u00ed.<\/p>\n<p>La modificaci\u00f3n de dron se lleva a cabo en el taller Flying Eye.<\/p>\n","protected":false},"excerpt":{"rendered":"<p>Kit conversion C5 Mavic 3E Series y Mavic 3 Pro<\/p>\n<p>Mavic 3 Pro + 3E Series &#8211; FTS + Parachute<\/p>\n","protected":false},"featured_media":1007350,"comment_status":"open","ping_status":"closed","template":"","meta":{"om_disable_all_campaigns":false,"_monsterinsights_skip_tracking":false,"_monsterinsights_sitenote_active":false,"_monsterinsights_sitenote_note":"","_monsterinsights_sitenote_category":0},"product_brand":[],"product_cat":[601,630],"product_tag":[],"class_list":{"0":"post-1007295","1":"product","2":"type-product","3":"status-publish","4":"has-post-thumbnail","6":"product_cat-kits-conversion-c5-sts01-y-c6-sts02","7":"product_cat-kits-conversion-c5-y-c6","9":"first","10":"instock","11":"taxable","12":"shipping-taxable","13":"purchasable","14":"product-type-simple"},"aioseo_notices":[],"jetpack_sharing_enabled":true,"_links":{"self":[{"href":"https:\/\/www.djimurcia.es\/index.php?rest_route=\/wp\/v2\/product\/1007295","targetHints":{"allow":["GET"]}}],"collection":[{"href":"https:\/\/www.djimurcia.es\/index.php?rest_route=\/wp\/v2\/product"}],"about":[{"href":"https:\/\/www.djimurcia.es\/index.php?rest_route=\/wp\/v2\/types\/product"}],"replies":[{"embeddable":true,"href":"https:\/\/www.djimurcia.es\/index.php?rest_route=%2Fwp%2Fv2%2Fcomments&post=1007295"}],"version-history":[{"count":0,"href":"https:\/\/www.djimurcia.es\/index.php?rest_route=\/wp\/v2\/product\/1007295\/revisions"}],"wp:featuredmedia":[{"embeddable":true,"href":"https:\/\/www.djimurcia.es\/index.php?rest_route=\/wp\/v2\/media\/1007350"}],"wp:attachment":[{"href":"https:\/\/www.djimurcia.es\/index.php?rest_route=%2Fwp%2Fv2%2Fmedia&parent=1007295"}],"wp:term":[{"taxonomy":"product_brand","embeddable":true,"href":"https:\/\/www.djimurcia.es\/index.php?rest_route=%2Fwp%2Fv2%2Fproduct_brand&post=1007295"},{"taxonomy":"product_cat","embeddable":true,"href":"https:\/\/www.djimurcia.es\/index.php?rest_route=%2Fwp%2Fv2%2Fproduct_cat&post=1007295"},{"taxonomy":"product_tag","embeddable":true,"href":"https:\/\/www.djimurcia.es\/index.php?rest_route=%2Fwp%2Fv2%2Fproduct_tag&post=1007295"}],"curies":[{"name":"wp","href":"https:\/\/api.w.org\/{rel}","templated":true}]}}